{"id":2,"date":"2025-05-28T10:34:34","date_gmt":"2025-05-28T08:34:34","guid":{"rendered":"https:\/\/www.copinmalin.top\/blog\/?page_id=2"},"modified":"2026-01-03T17:09:06","modified_gmt":"2026-01-03T15:09:06","slug":"accueil","status":"publish","type":"page","link":"https:\/\/www.copinmalin.top\/blog\/","title":{"rendered":"Accueil"},"content":{"rendered":"\n<h3 class=\"wp-block-heading\">Comprendre Bitcoin. Se former. \u00catre souverain.<\/h3>\n\n\n\n<p>Bienvenue sur <strong>\u20bf Conseil by Copinmalin<\/strong> : un espace p\u00e9dagogique et humain pour celles et ceux qui veulent comprendre <strong>Bitcoin<\/strong> en profondeur \u2014 loin du bruit m\u00e9diatique, proche du terrain.<\/p>\n\n\n\n<p>Ici, pas de bullshit ni de promesse miracle. Juste une volont\u00e9 claire : <strong>transmettre<\/strong>, <strong>accompagner<\/strong>, <strong>outiller<\/strong>.<\/p>\n\n\n\n<h3 class=\"wp-block-heading\">Vous \u00eates au bon endroit si\u2026<\/h3>\n\n\n\n<blockquote class=\"wp-block-quote is-layout-flow wp-block-quote-is-layout-flow\">\n<ul class=\"wp-block-list\">\n<li>Vous d\u00e9couvrez Bitcoin et ne savez pas par o\u00f9 commencer<\/li>\n\n\n\n<li>Vous voulez mieux prot\u00e9ger votre actif pr\u00e9f\u00e9r\u00e9 et votre vie num\u00e9rique<\/li>\n\n\n\n<li>Vous cherchez une <strong>formation s\u00e9rieuse, locale, ind\u00e9pendante<\/strong><\/li>\n\n\n\n<li>Vous \u00eates curieux.se de comprendre le fonctionnement, la s\u00e9curit\u00e9, ou les enjeux philosophiques de ce protocole<\/li>\n<\/ul>\n<\/blockquote>\n\n\n<p><script\nsrc=\"https:\/\/nostri.chat\/public\/bundle.js\"\ndata-chat-type=\"GLOBAL\"\ndata-chat-tags=\"nostralps\"\ndata-relays=\"wss:\/\/relay.f7z.io,wss:\/\/nos.lol,wss:\/\/relay.nostr.band\"\n><\/script>\n<link rel=\"stylesheet\" href=\"https:\/\/nostri.chat\/public\/bundle.css\">\n\n\n<h3 class=\"wp-block-heading\">Ce que vous trouverez ici :<\/h3>\n\n\n\n<ul class=\"wp-block-list\">\n<li>Des <strong>formations<\/strong> pour d\u00e9butants et interm\u00e9diaires<\/li>\n\n\n\n<li>Des <strong>ressources p\u00e9dagogiques<\/strong> claires et v\u00e9rifi\u00e9es<\/li>\n\n\n\n<li>Des <strong>articles<\/strong> sur les usages r\u00e9els de Bitcoin<\/li>\n\n\n\n<li>Des <strong>ateliers pratiques<\/strong> en petit groupe, en ligne ou \u00e0 Annecy \u00e0 travers l&rsquo;association Alpinechain.xyz<\/li>\n<\/ul>\n\n\n\n<div class=\"wp-block-buttons alignfull is-vertical is-content-justification-center is-layout-flex wp-container-core-buttons-is-layout-2511fd4f wp-block-buttons-is-layout-flex\">\n<div class=\"wp-block-button has-custom-width wp-block-button__width-50\"><a class=\"wp-block-button__link wp-element-button\" href=\"https:\/\/www.copinmalin.top\/blog\/formations\">D\u00e9couvrir les formations<\/a><\/div>\n\n\n\n<div class=\"wp-block-button has-custom-width wp-block-button__width-50\"><a class=\"wp-block-button__link wp-element-button\" href=\"https:\/\/join.alpinechain.xyz\/org\/workshop2026\/\">S\u2019inscrire \u00e0 un atelier<\/a><\/div>\n\n\n\n<div class=\"wp-block-button has-custom-width wp-block-button__width-50\"><a class=\"wp-block-button__link wp-element-button\" href=\"https:\/\/www.copinmalin.top\/blog\/blog\">Lire le blog<\/a><\/div>\n<\/div>\n\n\n\n<p><\/p>\n","protected":false},"excerpt":{"rendered":"<p>Comprendre Bitcoin. Se former. \u00catre souverain. Bienvenue sur \u20bf Conseil by Copinmalin : un espace p\u00e9dagogique et humain pour celles et ceux qui veulent comprendre Bitcoin en profondeur \u2014 loin du bruit m\u00e9diatique, proche du terrain. Ici, pas de bullshit ni de promesse miracle. Juste une volont\u00e9 claire : transmettre, accompagner, outiller. Vous \u00eates au [&hellip;]<\/p>\n","protected":false},"author":1,"featured_media":0,"parent":0,"menu_order":0,"comment_status":"closed","ping_status":"closed","template":"","meta":{"site-sidebar-layout":"default","site-content-layout":"","ast-site-content-layout":"","site-content-style":"default","site-sidebar-style":"default","ast-global-header-display":"","ast-banner-title-visibility":"","ast-main-header-display":"","ast-hfb-above-header-display":"","ast-hfb-below-header-display":"","ast-hfb-mobile-header-display":"","site-post-title":"disabled","ast-breadcrumbs-content":"","ast-featured-img":"","footer-sml-layout":"","ast-disable-related-posts":"","theme-transparent-header-meta":"","adv-header-id-meta":"","stick-header-meta":"","header-above-stick-meta":"","header-main-stick-meta":"","header-below-stick-meta":"","astra-migrate-meta-layouts":"default","ast-page-background-enabled":"default","ast-page-background-meta":{"desktop":{"background-color":"var(--ast-global-color-5)","background-image":"","background-repeat":"repeat","background-position":"center center","background-size":"auto","background-attachment":"scroll","background-type":"","background-media":"","overlay-type":"","overlay-color":"","overlay-opacity":"","overlay-gradient":""},"tablet":{"background-color":"","background-image":"","background-repeat":"repeat","background-position":"center center","background-size":"auto","background-attachment":"scroll","background-type":"","background-media":"","overlay-type":"","overlay-color":"","overlay-opacity":"","overlay-gradient":""},"mobile":{"background-color":"","background-image":"","background-repeat":"repeat","background-position":"center center","background-size":"auto","background-attachment":"scroll","background-type":"","background-media":"","overlay-type":"","overlay-color":"","overlay-opacity":"","overlay-gradient":""}},"ast-content-background-meta":{"desktop":{"background-color":"var(--ast-global-color-4)","background-image":"","background-repeat":"repeat","background-position":"center center","background-size":"auto","background-attachment":"scroll","background-type":"","background-media":"","overlay-type":"","overlay-color":"","overlay-opacity":"","overlay-gradient":""},"tablet":{"background-color":"var(--ast-global-color-4)","background-image":"","background-repeat":"repeat","background-position":"center center","background-size":"auto","background-attachment":"scroll","background-type":"","background-media":"","overlay-type":"","overlay-color":"","overlay-opacity":"","overlay-gradient":""},"mobile":{"background-color":"var(--ast-global-color-4)","background-image":"","background-repeat":"repeat","background-position":"center center","background-size":"auto","background-attachment":"scroll","background-type":"","background-media":"","overlay-type":"","overlay-color":"","overlay-opacity":"","overlay-gradient":""}},"footnotes":""},"class_list":["post-2","page","type-page","status-publish","hentry"],"_links":{"self":[{"href":"https:\/\/www.copinmalin.top\/blog\/wp-json\/wp\/v2\/pages\/2","targetHints":{"allow":["GET"]}}],"collection":[{"href":"https:\/\/www.copinmalin.top\/blog\/wp-json\/wp\/v2\/pages"}],"about":[{"href":"https:\/\/www.copinmalin.top\/blog\/wp-json\/wp\/v2\/types\/page"}],"author":[{"embeddable":true,"href":"https:\/\/www.copinmalin.top\/blog\/wp-json\/wp\/v2\/users\/1"}],"replies":[{"embeddable":true,"href":"https:\/\/www.copinmalin.top\/blog\/wp-json\/wp\/v2\/comments?post=2"}],"version-history":[{"count":19,"href":"https:\/\/www.copinmalin.top\/blog\/wp-json\/wp\/v2\/pages\/2\/revisions"}],"predecessor-version":[{"id":508,"href":"https:\/\/www.copinmalin.top\/blog\/wp-json\/wp\/v2\/pages\/2\/revisions\/508"}],"wp:attachment":[{"href":"https:\/\/www.copinmalin.top\/blog\/wp-json\/wp\/v2\/media?parent=2"}],"curies":[{"name":"wp","href":"https:\/\/api.w.org\/{rel}","templated":true}]}}